hest common divisor of h and 4?
2
Suppose 24 + 54 = 6*b. Calculate the greatest common divisor of b and 104.
13
Suppose h + 0*h + 3*c = 27, -2*c + 2 = 0. Let b = h + -14. What is the greatest common divisor of 25 and b?
5
Let d be (-6)/24 - 442/(-8). Calculate the greatest common divisor of d and 22.
11
Let y be (4/(-3))/(1/(-3)). Let p be -4*6*(-6)/y. Calculate the greatest common divisor of p and 12.
12
Let a be -20*(-2 + (-1 - -2)). What is the greatest common divisor of a and 8?
4
Suppose 14 = 2*u - 12. Let r = 91 - -171. Let i be (-1)/2 - r/(-4). Calculate the greatest common factor of u and i.
13
Let z be (-1 - 1) + 1 + 4. Let o = 7 - 5. Suppose -3*a + 15 = o*a. Calculate the highest common divisor of a and z.
3
Let z(x) = 3*x**3 + x**3 + 4*x**2 - 7*x - x**3 - 2*x**3 - 7. Let c be z(-5). Suppose -26 - 19 = -c*k. Calculate the greatest common divisor of 15 and k.
15
Let v = -1 + 4. Let w be (-52)/6*v/(-2). Suppose -5*r + w = 4*y - 86, -3*r = -9. What is the highest common factor of y and 14?
7
Let y(n) = -4*n - 1. Let b be y(1). Let d be -54*(3 + b/2). Let q be (3 - d)/1 + 0. Calculate the highest common divisor of 15 and q.
15
Let f = 146 + -48. Calculate the highest common factor of 49 and f.
49
Let h(k) = -k**2 - 5*k - 4. Let z be h(-6). Let s be z*(3 - 36/10). What is the greatest common divisor of 9 and s?
3
Let w(j) = -3*j - 3. Let l(t) = -t - 9. Let v be l(0). Let y be w(v). Calculate the greatest common factor of y and 60.
12
Let j(x) be the second derivative of -7*x**3/2 - 3*x**2 + 3*x. Let v be j(-5). Calculate the highest common divisor of v and 9.
9
Let g = 104 - 84. What is the highest common factor of g and 140?
20
Let n = -40 - -12. Let p = n - -78. What is the highest common factor of p and 5?
5
Suppose -35 = -3*y + 7. What is the highest common factor of 98 and y?
14
Let i = 3 + -6. Let x(n) = -3*n - 1. Let s be x(i). Calculate the greatest common factor of s and 40.
8
Let z(u) = 14*u**2 - u + 1. Let t be z(1). Let n = t - 5. Suppose -4*s + 20 = -2*w, 4*w - 2 = 3*w. What is the highest common divisor of s and n?
3
Let j(x) = 70*x - 4. Let g be j(1). What is the highest common divisor of 11 and g?
11
Let h(m) be the third derivative of -m**5/60 + m**4/4 + m**3/2 - m**2. Let g be h(5). What is the highest common divisor of g and 16?
8
Suppose x - 14 = 4*k - 0*k, -3*x + 3*k + 15 = 0. Suppose 0 = 2*r - 5*d + 8, -d - 2*d = -4*r - x. Calculate the highest common factor of 1 and r.
1
Let v(d) = d**2 - 4*d + 2. Let j be v(4). Suppose -n + 14 = j. Calculate the highest common divisor of n and 84.
12
Suppose -n + 5*n = 0, -38 = -2*d - 3*n. Let u = d + -9. Let i(b) = -4*b - 2. Let a be i(-1). What is the greatest common factor of a and u?
2
Let a(c) = c**3 - 2*c**2 - 3*c - 2. Let d be a(3). Let h be 0 - (d - -3)*-1. Let t be 1 - -6*2*h. What is the greatest common divisor of t and 91?
13
Let r = -115 + 276. Let a be 2/((6/(-2))/(-3)). Suppose a*y = -2*o + 46, -137 + 22 = -5*o + 5*y. What is the highest common divisor of o and r?
23
Let b(i) = -i**2 + 6*i + 7. Let t be b(5). What is the greatest common divisor of t and 12?
12
Let i be -2 - 12/(-3 - -1). Let p be 1*-2 - (-3 + 0). Calculate the highest common divisor of p and i.
1
Suppose 0 = w + w - 440. Suppose -2 = -n + 5*h + 8, -3*n + 66 = 3*h. Calculate the greatest common divisor of w and n.
20
Suppose -28 = -k - 4*r, -5*k = -5*r + 15 - 55. What is the greatest common divisor of 12 and k?
12
Let y(b) = 37*b + 2. Let s be y(5). What is the highest common factor of 17 and s?
17
Let r be 322/(-6) + 2/(-6). Let z = -27 - r. What is the highest common divisor of 3 and z?
3
Suppose -4*m + 68 = 56. Calculate the greatest common factor of m and 1.
1
Let m be (2/(-3))/(3/(-99)). Let k(h) = h**3 + 13*h**2 + 14*h. Let r be k(-11). Calculate the greatest common divisor of r and m.
22
Suppose -3 = -2*v + 5. What is the highest common divisor of 36 and v?
4
Suppose -2*j - 258 = -3*r + r, 0 = -4*r - 5*j + 489. Suppose 4*a + 30 = 5*u - 4*u, 4*a - 78 = -5*u. Calculate the greatest common factor of r and u.
18
Let o(m) = m**2 + 5*m - 2. Let i be 1 - -2 - (0 - -9). Let b be o(i). Calculate the highest common factor of b and 4.
4
Let w(v) = -v**2 - 11*v. Let k be w(-10). Suppose 0 = u - 5*u + 64. Let l be u + 2 + (-4)/(-2). What is the greatest common divisor of l and k?
10
Suppose -3*h + 15 + 9 = -5*o, -4*h = o - 32. Let k be ((-10)/h)/(7/(-84)). Calculate the greatest common factor of k and 15.
15
Let w = -825 - -537. Let o = w + 405. Calculate the greatest common divisor of 13 and o.
13
Suppose 5*q - 16 = -1. Suppose 0 = 5*u - q*u - 20. Suppose -2*z + 330 = z. Calculate the greatest common divisor of z and u.
10
Let u(z) = z**2 + 3*z + 3. Let j be u(-2). Let v be ((-24)/(-15))/(j/(-10)). Let h = 27 + v. What is the highest common divisor of 33 and h?
11
Let d(t) = t**3 + 8*t**2 - 4*t + 6. Let g be d(-8). Suppose 5*m = -122 - 38. Let z = g - m. What is the greatest common divisor of 10 and z?
10
Suppose 0 = -2*m + 4 + 10. Suppose -2*s - 25 = -m*s. Calculate the greatest common divisor of 1 and s.
1
Suppose -z = -11 - 4. What is the highest common divisor of 105 and z?
15
Let l be 1 - 2 - (-1 - 11). Let z be -4 - (-5)/(5/4). Let m be 44/2 + (0 - z). What is the highest common divisor of m and l?
11
Let w(q) = -q - 3. Let k be w(-3). Suppose 3*r - 15 = -k*r. Suppose 4*h = n - 6*n + 660, 854 = r*h - n. What is the greatest common divisor of 17 and h?
17
Let g(q) = q**2 + q - 1. Let k be g(-4). Calculate the highest common factor of k and 11.
11
Let s = 47 - 39. Calculate the greatest common factor of s and 120.
8
Let w be 6/(-4)*42/(-3). Let z = w + -13. Calculate the greatest common factor of z and 40.
8
Let m = 3 + 1. Suppose -2*o - 6 + 0 = 0. Let j be (8/o)/(1/(-6)). What is the greatest common factor of m and j?
4
Suppose -t = -6*t + 40. Suppose -j - 5*v = -47, -4*v + 6*v - 166 = -5*j. Suppose -2*f - 2*f = -j. Calculate the greatest common factor of t and f.
8
Suppose 3 + 15 = 2*j - 4*v, 4*v = j - 7. What is the highest common divisor of j and 1?
1
Suppose 0*s - 4*z = 3*s - 182, 2*z + 44 = s. Calculate the greatest common factor of 36 and s.
18
Let t(u) = 2*u**3 - 2*u**2 - 2*u + 1. Let h be t(2). Let p(x) = x**3 - 4*x**2 - 2*x - 5. Let a be p(h). Calculate the greatest common factor of 50 and a.
10
Suppose t - 5 = 0, -2*p + 73 = p + 2*t. What is the greatest common factor of p and 84?
21
Let c be ((-420)/45)/(1/45). Suppose 5*a + 1380 = -0*a. Let i = a - c. Calculate the highest common divisor of 16 and i.
16
Let i(l) = 1124*l**3 - l**2 + 2*l - 1. Let d be i(1). Let g be d/14 + (-6)/21. Let v be 254/16 + (-16)/(-128). What is the highest common divisor of v and g?
16
Let k(a) = -a**3 - 3*a**2 - a - 1. Let n be k(-3). Suppose -s + 147 = n*s. Calculate the greatest common factor of 7 and s.
7
Suppose 0 = 10*t - 5*t - 55. What is the greatest common factor of t and 88?
11
Suppose -2*o - 3*o + 40 = 5*j, -o = 2*j - 14. Calculate the greatest common factor of 3 and j.
3
Let r = -390 - -455. Let y(q) = 8*q - 3. Let h be y(2). Calculate the greatest common factor of h and r.
13
Let h(p) = p**2 - 5*p + 2. Let l be h(6). Let q = l + -5. Suppose 0 = q*m - m - 16. What is the highest common factor of 24 and m?
8
Suppose -4*h + 825 = h. Let f = 17 + -2. Calculate the greatest common divisor of f and h.
15
Suppose -5*q + 0*q = 0. Let c = 4 - q. What is the highest common factor of c and 44?
4
Suppose 0 = -3*c - 9, 122 = 4*k - 0*k - 2*c. Let a(p) = -37*p - 3. Let w be a(-4). Calculate the greatest common divisor of w and k.
29
Let w = -125 + 199. What is the greatest common divisor of 111 and w?
37
Let q(k) = 51*k**2 + 1. Let t be q(1). What is the highest common divisor of t and 13?
13
Suppose 10 = 4*d - 38. Let v = 20 - d. What is the highest common factor of 72 and v?
8
Let k(a) = -a**3 + 5*a**2 - 7. Let m be k(4). Calculate the highest common factor of 3 and m.
3
Suppose -7 - 23 = -6*g. What is the greatest common factor of 5 and g?
5
Suppose 30 = d + 2. Let f be (168/10)/(6/20). Let o be (45/6)/(6/f). What is the greatest common divisor of o and d?
14
Let z be (-1 - -1)/(-4) - -22. Let b = z + -9. What is the highest common divisor of 143 and b?
13
Let i(w) = -w**3 + 10*w**2 + 11*w - 6. Let a = 13 + -